 - w/(-14) - (-3824)/7. Suppose 2*x - s = -12*x. List the prime factors of x.
3, 13
Let f(i) = -4*i**2 + 57*i - 32. Let c be f(14). What are the prime factors of (477/c)/(-1*1)*10?
5, 53
Let x = 1303 + -159. What are the prime factors of x?
2, 11, 13
Suppose b + 4*b - 1104 = 4*r, 4*r = -2*b - 1132. Let x = r - -571. What are the prime factors of x?
2, 5, 29
Suppose 32*a - 27*a + 4670 = 0. Let n = a - -1780. What are the prime factors of n?
2, 3, 47
Let x = 56 - 52. Suppose -2*t + 2*y = -0*y, t = x*y - 6. Suppose 12 = z + t. What are the prime factors of z?
2, 5
Let j = 13256 - -10074. What are the prime factors of j?
2, 5, 2333
Let p be 70/3*(-165)/(-275). Let s be (1 - 1/3)*6. Suppose 0 = s*j - 446 - p. List the prime factors of j.
5, 23
Let a(g) = 64*g - 215. Let w be a(12). Let q = w - 130. What are the prime factors of q?
3, 47
Suppose -82*b + 3669491 - 127747 = 0. What are the prime factors of b?
2, 5399
Let w = 10555 + -7164. What are the prime factors of w?
3391
Let q(x) = 47*x + 3. Suppose -4*h - 116 = 2*p, -h + 3*p - 58 = h. Let u = h - -32. What are the prime factors of q(u)?
2, 3
What are the prime factors of (8/(-10))/((-288)/1110960)?
2, 1543
Suppose 2*f - 101217 = -3*b + 18816, 0 = 5*b - 21*f - 199836. List the prime factors of b.
3, 5, 7, 127
Let i = -453 + 439. List the prime factors of 781 + 24/(i - -6).
2, 389
List the prime factors of (-78378)/(-3) + -13 + 26.
3, 8713
Suppose -x + 23 = 5*a, -3*x + 3*a = 12 + 9. Let m be 1 + 1*(24 - x). Suppose 3*k - 162 = -m. List the prime factors of k.
3, 5
Let o be 2/(-12) - (-803)/66. Let g be (o/(-5))/((-15)/(-150)). List the prime factors of ((g/4)/1 + 1)*-25.
5
Let c(u) = u**3 - 5*u**2 - 83*u + 556. What are the prime factors of c(26)?
2, 3, 2099
Suppose 3*t - 4*w - 5 = 11, t = 4*w + 16. Suppose t = 11*a - 15*a + 1220. List the prime factors of a.
5, 61
List the prime factors of 5/15 + 4/(60/350065).
2, 7, 1667
Suppose 4*u - 39959 = f, 5*u - 32*f + 35*f - 49936 = 0. What are the prime factors of u?
7, 1427
Let s = -14202 + 23954. What are the prime factors of s?
2, 23, 53
Suppose 4*t - 4*u - 37004 = 0, -5*t - 2*u + 42071 = -4163. List the prime factors of t.
2, 17
Let a(y) = 43*y**2 + 23*y + 140. Let j be a(-10). What are the prime factors of (-24)/(-156) - j/(-13)?
2, 3
Let n(u) = u**2 - u + 6. Suppose 0*g = 2*g + 9*g. Let h(v) = v**3 + v**2 + v - 9. Let p be h(g). What are the prime factors of n(p)?
2, 3
Let v be (4 - 120/28) + 16/7. List the prime factors of (v - 5) + -13 + 202.
2, 3, 31
Let g(i) = i**3 + 20*i**2 + 4*i - 13. Let n be g(-19). List the prime factors of n/3 + (-1)/((-3)/(-2)).
2, 3, 5
Suppose -h = -10 + 3. Suppose -27 = -h*i + 8. Let r(l) = 2*l**3 - 2*l**2 - 10*l - 5. List the prime factors of r(i).
5, 29
Suppose 5*m + 5 = 5. Suppose m = 53*b - 49*b - 1272. List the prime factors of b.
2, 3, 53
Suppose 20 = 3*z - 8*z, 3*z = -l - 8289. List the prime factors of 74/629 - l/17.
487
What are the prime factors of 1/((-3)/9)*(-17)/51*6949?
6949
Let a = -1683 - -4684. Let u = a - 1464. What are the prime factors of u?
29, 53
Let r = 213867 - 152588. What are the prime factors of r?
233, 263
Let v be ((-2)/6)/((-3)/(-45)). Let i(d) be the second derivative of d**4/3 - d**3/6 + d**2/2 - 22*d + 5. What are the prime factors of i(v)?
2, 53
Let l(i) = -3*i**2 - 47*i + 15. Let t(h) = h**2 + 22*h - 7. Let v(f) = -2*l(f) - 5*t(f). Let c be (-39)/((-21)/6 + 2). What are the prime factors of v(c)?
5, 53
Suppose -102*q - 147*q + 20974884 = 9*q. What are the prime factors of q?
2, 7, 5807
Let c = 323 - 325. List the prime factors of (c + 3)/(1306/652 + -2).
2, 163
Let j be (9/18)/((-1)/(-1382)). Let w = j - 295. Suppose -w + 0 = -4*x. List the prime factors of x.
3, 11
Suppose j + 3*d - 21659 = 5*d, -4*d - 86652 = -4*j. Suppose -31*h + 62060 = j. What are the prime factors of h?
1303
Suppose 5*q = 5*z + 15, 14 = 4*q - 5*z - 1. Suppose q*b + 81 = 9*b. List the prime factors of b.
3
Suppose -48*r + 166392 = 29*r - 5*r. List the prime factors of r.
2311
Suppose -17*r = -14*r - 234. Let t = -148 + r. What are the prime factors of (-1040)/t + (-1)/(-7)?
3, 5
What are the prime factors of (8 - (-69112 - -9))*(6 + 102/(-18))?
3, 7, 1097
Let h be (-1 - -11)/((-1)/(-29)). Let f be h + -2*(1 - -1). Suppose 3*c + i - 231 - 43 = 0, -4*i = 3*c - f. What are the prime factors of c?
2, 3, 5
Let f(q) = 18*q**2 + 37 - 3042*q + 3004*q + q**3 - 2. What are the prime factors of f(-16)?
3, 5, 7, 11
Let x(i) = -924*i**3 + 2*i**2 - 287*i - 877. What are the prime factors of x(-3)?
2, 5, 499
Let a = 25716 + -23050. List the prime factors of a.
2, 31, 43
Let z = 644 - 638. Let b(v) = 6*v**2 + 5*v + 4. Let i be b(-5). Suppose z*t = i + 99. What are the prime factors of t?
2, 19
Let z(l) = -l**3 - 3*l**2 + 4. Suppose 11*q + 20 = -13. Let k be z(q). Suppose -i + 90 = 4*r, 3*r - 4*r + 405 = k*i. List the prime factors of i.
2, 3, 17
Suppose 7*x + 32355 - 83370 = 2*x. List the prime factors of x.
3, 19, 179
Suppose g + 4*g = 2*z + 79, 0 = -2*g - 3*z + 24. Let h = -4 + g. Suppose 5*r + 390 = h*r. List the prime factors of r.
5, 13
Suppose -5*t + 381 = -n, -2*t + t = -n - 385. What are the prime factors of (n/4 - -6)*-2?
181
Suppose -2*n = -5183 + 623. Let j be (-4 - 1) + -16 + 25. Suppose j*t + 15*t = n. List the prime factors of t.
2, 3, 5
Suppose 77*l = 79*l + 3*y + 5, 2*l + 2*y = 0. Let q(p) = 6*p**2 + 5*p. Let g be q(-5). Suppose -v + 0*v = 2*x - 28, l*x = 5*v - g. List the prime factors of v.
2, 13
Let l(h) = 3*h**3 - 7*h**2 + h - 2. Let o be l(3). Suppose 24*c - o*c - 15 = 0. Suppose 48 + 156 = c*v. List the prime factors of v.
2, 17
What are the prime factors of 633/(-2321) - 18736/(-11)?
13, 131
Suppose 61*o - 46501 = 56*o - 3*v, 2*o = -4*v + 18606. What are the prime factors of o?
17, 547
Let f(m) = -2*m - 23. Let s = 62 + -75. Let v be f(s). Suppose a + 5*k - 81 = 0, 2*k + 2*k = v*a - 186. List the prime factors of a.
2, 3, 11
Suppose -45 = 5*b - 20*b. Suppose k - 619 = 5*s, -b*k - 3*s = -2486 + 719. What are the prime factors of k?
2, 3, 11
Let l = -2617 - -2817. What are the prime factors of l?
2, 5
List the prime factors of ((-6)/45)/(46/(-2945265)).
8537
Let n = 948 + -1742. List the prime factors of 2/((-2)/1)*(n + 0).
2, 397
Let b(z) = -z**2 - 22*z - 28. Let s be b(-19). Suppose 71 = 3*j + s. Suppose -4*i + j = -390. List the prime factors of i.
101
Let m(a) = 17*a**2 - 3*a + 4. Suppose 6*p = 10*p - 20. Suppose 0 = 2*b - 2*w - 2, -w - w = -p*b + 8. List the prime factors of m(b).
2, 3, 11
Let f(g) = 9*g + 44*g**2 + 25*g + 25*g**2 - 7*g**2 + 0*g**2 + 103. List the prime factors of f(-3).
13, 43
Let b(c) = 130*c**2 - 116*c - 785. What are the prime factors of b(-6)?
4591
Let w(n) = -n**2 - 28*n - 156. Let u be w(-8). What are the prime factors of ((-11343)/38)/(2/u)*-1?
3, 199
Let g = 10338 - 7296. What are the prime factors of g?
2, 3, 13
Let b(u) = 7*u + 22. Let v(f) = f**3 + 5*f**2 - 3*f - 3. Let j be v(-4). Suppose 0 = 2*d + 3*d - j. What are the prime factors of b(d)?
3, 19
Suppose -6*l + l - 2*k = -15, 5*l = -k + 15. Suppose 3*j + 346 = 2*d + l*d, -3*d - 2*j + 200 = 0. List the prime factors of d.
2, 17
List the prime factors of (4 - (7 - 17)) + 33456.
2, 5, 3347
Let m(q) = -q**3 - 47*q**2 + 365*q + 175. What are the prime factors of m(-60)?
5, 17, 59
Let i be 140/(-18) + (42/(-27))/7. Let s be (-2)/i - (4 - (-105)/(-28)). Suppose 2*v + 0*v - 4 = 0, s = -5*m + 5*v + 250. What are the prime factors of m?
2, 13
Let f be (80/(-14))/(-4)*107436/12. Suppose -17*v + f = 1077. List the prime factors of v.
13, 53
Suppose -3*z + 5 = -z + d, -3*z = -5*d - 14. Suppose -z*x + 15 = 0, -3*c - c + 2213 = 5*x. What are the prime factors of c?
547
Let k be 62/6*(-13 - (-10 - 0)). Let j = k - -489. What are the prime factors of j?
2, 229
Suppose -3*g - 101 = 52. Let y = 943 + -842. Let j = g + y. List the prime factors of j.
2, 5
Let v be 8 - 4 - 30/((-3)/1). Suppose 4*l = -3*c + 2, -c + 3*c = 5*l - v. List the prime factors of (-511 - -3)*c/8.
127
Suppose 27*m = 926 + 129835. What are the prime factors of m?
29, 167
Suppose 0 = 8*q + 10471 - 62783. List the prime factors of q.
13, 503
Suppose -360 = -f + 188. Suppose 0 = -3*x + 8*x + 2*g - 1385, 2*g = -2*x + f. List the prime factors of x.
3, 31
Let a(u) = 2*